{"id":237,"date":"2020-07-06T09:20:52","date_gmt":"2020-07-06T09:20:52","guid":{"rendered":"https:\/\/flamingopark.com.tr\/index.php\/about\/"},"modified":"2023-03-23T06:23:53","modified_gmt":"2023-03-23T06:23:53","slug":"hakkimizda","status":"publish","type":"page","link":"https:\/\/flamingopark.com.tr\/index.php\/hakkimizda\/","title":{"rendered":"Hakk\u0131m\u0131zda"},"content":{"rendered":"\t\t<div data-elementor-type=\"wp-page\" data-elementor-id=\"237\" class=\"elementor elementor-237\">\n\t\t\t\t\t\t<div class=\"elementor-inner\">\n\t\t\t\t<div class=\"elementor-section-wrap\">\n\t\t\t\t\t\t\t\t\t<section class=\"elementor-section elementor-top-section elementor-element elementor-element-c06c10c elementor-section-full_width elementor-section-height-default elementor-section-height-default\" data-id=\"c06c10c\" data-element_type=\"section\" data-settings=\"{&quot;background_background&quot;:&quot;classic&quot;}\">\n\t\t\t\t\t\t\t<div class=\"elementor-background-overlay\"><\/div>\n\t\t\t\t\t\t\t<div class=\"elementor-container elementor-column-gap-no\">\n\t\t\t\t\t\t\t<div class=\"elementor-row\">\n\t\t\t\t\t<div class=\"aux-parallax-section elementor-column elementor-col-100 elementor-top-column elementor-element elementor-element-dc6cf91\" data-id=\"dc6cf91\" data-element_type=\"column\" data-settings=\"{&quot;background_background&quot;:&quot;classic&quot;}\">\n\t\t\t<div class=\"elementor-column-wrap elementor-element-populated\">\n\t\t\t\t\t\t\t<div class=\"elementor-widget-wrap\">\n\t\t\t\t\t\t<section class=\"elementor-section elementor-inner-section elementor-element elementor-element-abcf76f elementor-section-boxed elementor-section-height-default elementor-section-height-default\" data-id=\"abcf76f\" data-element_type=\"section\">\n\t\t\t\t\t\t<div class=\"elementor-container elementor-column-gap-no\">\n\t\t\t\t\t\t\t<div class=\"elementor-row\">\n\t\t\t\t\t<div class=\"aux-parallax-section elementor-column elementor-col-100 elementor-inner-column elementor-element elementor-element-f673953\" data-id=\"f673953\" data-element_type=\"column\">\n\t\t\t<div class=\"elementor-column-wrap elementor-element-populated\">\n\t\t\t\t\t\t\t<div class=\"elementor-widget-wrap\">\n\t\t\t\t\t\t<div class=\"elementor-element elementor-element-a7bb184 aux-appear-watch-animation aux-fade-in-right-1 elementor-widget elementor-widget-aux_modern_heading\" data-id=\"a7bb184\" data-element_type=\"widget\" data-widget_type=\"aux_modern_heading.default\">\n\t\t\t\t<div class=\"elementor-widget-container\">\n\t\t\t<section class=\"aux-widget-modern-heading\">\n            <div class=\"aux-widget-inner\"><h2 class=\"aux-modern-heading-primary\">Hakk\u0131m\u0131zda<\/h2><\/div>\n        <\/section>\t\t<\/div>\n\t\t\t\t<\/div>\n\t\t\t\t\t\t<\/div>\n\t\t\t\t\t<\/div>\n\t\t<\/div>\n\t\t\t\t\t\t\t\t<\/div>\n\t\t\t\t\t<\/div>\n\t\t<\/section>\n\t\t\t\t\t\t<\/div>\n\t\t\t\t\t<\/div>\n\t\t<\/div>\n\t\t\t\t\t\t\t\t<\/div>\n\t\t\t\t\t<\/div>\n\t\t<\/section>\n\t\t\t\t<section class=\"elementor-section elementor-top-section elementor-element elementor-element-c726729 elementor-section-content-middle elementor-section-boxed elementor-section-height-default elementor-section-height-default\" data-id=\"c726729\" data-element_type=\"section\">\n\t\t\t\t\t\t<div class=\"elementor-container elementor-column-gap-no\">\n\t\t\t\t\t\t\t<div class=\"elementor-row\">\n\t\t\t\t\t<div class=\"aux-parallax-section elementor-column elementor-col-50 elementor-top-column elementor-element elementor-element-cb3381b\" data-id=\"cb3381b\" data-element_type=\"column\" data-settings=\"{&quot;background_background&quot;:&quot;classic&quot;}\">\n\t\t\t<div class=\"elementor-column-wrap elementor-element-populated\">\n\t\t\t\t\t\t\t<div class=\"elementor-widget-wrap\">\n\t\t\t\t\t\t<div class=\"elementor-element elementor-element-8722425 elementor-widget elementor-widget-image\" data-id=\"8722425\" data-element_type=\"widget\" data-widget_type=\"image.default\">\n\t\t\t\t<div class=\"elementor-widget-container\">\n\t\t\t\t\t\t\t\t<div class=\"elementor-image\">\n\t\t\t\t\t\t\t\t\t\t\t\t<img loading=\"lazy\" decoding=\"async\" width=\"800\" height=\"600\" src=\"https:\/\/flamingopark.com.tr\/wp-content\/uploads\/2023\/03\/galeri-1.jpg\" class=\"attachment-large size-large wp-image-646\" alt=\"\" \/>\t\t\t\t\t\t\t\t\t\t\t\t\t\t<\/div>\n\t\t\t\t\t\t<\/div>\n\t\t\t\t<\/div>\n\t\t\t\t<div class=\"elementor-element elementor-element-330d128 aux-appear-watch-animation aux-scale-down-1 elementor-widget elementor-widget-aux_image\" data-id=\"330d128\" data-element_type=\"widget\" data-widget_type=\"aux_image.default\">\n\t\t\t\t<div class=\"elementor-widget-container\">\n\t\t\t<section class=\"widget-container aux-widget-image aux-alignnone aux-parent-aud9eb35c3\">\n    <div class=\"aux-media-hint-frame \">\n        <div class=\"aux-media-image  aux-media-frame aux-lightbox-frame\" >\n        \n            \n\n                            <div class='aux-hover-scale-circle-plus'>\n                    <span class='aux-symbol-plus'><\/span>\n                    <span class='aux-symbol-circle'><\/span>\n                <\/div>\n            \n                                <div class=\"aux-frame-mask aux-frame-darken\">\n                                            <\/div>\n                            \n                <\/div>\n    <\/div>\n\n<\/section><!-- widget-container -->\t\t<\/div>\n\t\t\t\t<\/div>\n\t\t\t\t\t\t<\/div>\n\t\t\t\t\t<\/div>\n\t\t<\/div>\n\t\t\t\t<div class=\"aux-parallax-section elementor-column elementor-col-50 elementor-top-column elementor-element elementor-element-47e3194\" data-id=\"47e3194\" data-element_type=\"column\">\n\t\t\t<div class=\"elementor-column-wrap elementor-element-populated\">\n\t\t\t\t\t\t\t<div class=\"elementor-widget-wrap\">\n\t\t\t\t\t\t<div class=\"elementor-element elementor-element-12c5a41 aux-appear-watch-animation aux-fade-in-up elementor-widget elementor-widget-aux_modern_heading\" data-id=\"12c5a41\" data-element_type=\"widget\" data-widget_type=\"aux_modern_heading.default\">\n\t\t\t\t<div class=\"elementor-widget-container\">\n\t\t\t<section class=\"aux-widget-modern-heading\">\n            <div class=\"aux-widget-inner\"><h2 class=\"aux-modern-heading-primary\">Flamingo Park | Do\u011fa, lezzet ve e\u011flence...<\/h2><div class=\"aux-modern-heading-description\">Flamingo Park 20.000 m\u00b2 arazi \u00fczerine kurulu bir tesis olarak Sakarya Pamukova'da hizmet vermektedir. Tesisimizde 30 t\u00fcrden fazla hayvan\u0131n bar\u0131nd\u0131\u011f\u0131 hayvanat bah\u00e7esi, at binicili\u011fi, restaurant (Kahvalt\u0131, d\u00fcnya mutfa\u011f\u0131, Izgara \u00e7e\u015fitleri, vitamin bar, \u015fark k\u00f6\u015fesi, 28 adet Bungalov y\u00f6resel \u00fcr\u00fcn d\u00fckkanlar\u0131, sera bah\u00e7esi, \u00e7ocuk oyun parklar\u0131, hal\u0131 saha, tenis kortu gibi imkanlarla sizlere en iyi \u015fekilde hizmeti sunuyoruz.<\/div><\/div>\n        <\/section>\t\t<\/div>\n\t\t\t\t<\/div>\n\t\t\t\t\t\t<\/div>\n\t\t\t\t\t<\/div>\n\t\t<\/div>\n\t\t\t\t\t\t\t\t<\/div>\n\t\t\t\t\t<\/div>\n\t\t<\/section>\n\t\t\t\t<section class=\"elementor-section elementor-top-section elementor-element elementor-element-1e8754ea elementor-section-boxed elementor-section-height-default elementor-section-height-default\" data-id=\"1e8754ea\" data-element_type=\"section\">\n\t\t\t\t\t\t<div class=\"elementor-container elementor-column-gap-default\">\n\t\t\t\t\t\t\t<div class=\"elementor-row\">\n\t\t\t\t\t<div class=\"aux-parallax-section elementor-column elementor-col-100 elementor-top-column elementor-element elementor-element-144a12e3\" data-id=\"144a12e3\" data-element_type=\"column\">\n\t\t\t<div class=\"elementor-column-wrap elementor-element-populated\">\n\t\t\t\t\t\t\t<div class=\"elementor-widget-wrap\">\n\t\t\t\t\t\t<div class=\"elementor-element elementor-element-25a18e0 aux-appear-watch-animation aux-fade-in-up elementor-widget elementor-widget-aux_modern_heading\" data-id=\"25a18e0\" data-element_type=\"widget\" data-widget_type=\"aux_modern_heading.default\">\n\t\t\t\t<div class=\"elementor-widget-container\">\n\t\t\t<section class=\"aux-widget-modern-heading\">\n            <div class=\"aux-widget-inner\"><h2 class=\"aux-modern-heading-primary\">Flamingo Park<\/h2><\/div>\n        <\/section>\t\t<\/div>\n\t\t\t\t<\/div>\n\t\t\t\t<div class=\"elementor-element elementor-element-42afd6c3 elementor-widget elementor-widget-text-editor\" data-id=\"42afd6c3\" data-element_type=\"widget\" data-widget_type=\"text-editor.default\">\n\t\t\t\t<div class=\"elementor-widget-container\">\n\t\t\t\t\t\t\t\t<div class=\"elementor-text-editor elementor-clearfix\">\n\t\t\t\tFlamingo Park olarak m\u00fc\u015fterilerimizin ihtiya\u00e7 ve beklentilerini en \u00fcst seviyede kar\u015f\u0131layan bir anlay\u0131\u015f\u0131 i\u00e7erisindeyiz. G\u00fcler Y\u00fczl\u00fc Hizmet politikam\u0131z do\u011frultusunda kalite hedeflerimize ula\u015fmak i\u00e7in kalite anlay\u0131\u015f\u0131m\u0131z\u0131 her ge\u00e7en g\u00fcn artt\u0131r\u0131yoruz.\t\t\t\t\t<\/div>\n\t\t\t\t\t\t<\/div>\n\t\t\t\t<\/div>\n\t\t\t\t<section class=\"elementor-section elementor-inner-section elementor-element elementor-element-efe9389 elementor-section-boxed elementor-section-height-default elementor-section-height-default\" data-id=\"efe9389\" data-element_type=\"section\">\n\t\t\t\t\t\t<div class=\"elementor-container elementor-column-gap-default\">\n\t\t\t\t\t\t\t<div class=\"elementor-row\">\n\t\t\t\t\t<div class=\"aux-parallax-section elementor-column elementor-col-50 elementor-inner-column elementor-element elementor-element-d4b03e4\" data-id=\"d4b03e4\" data-element_type=\"column\">\n\t\t\t<div class=\"elementor-column-wrap elementor-element-populated\">\n\t\t\t\t\t\t\t<div class=\"elementor-widget-wrap\">\n\t\t\t\t\t\t<div class=\"elementor-element elementor-element-2144f69 elementor-widget elementor-widget-text-editor\" data-id=\"2144f69\" data-element_type=\"widget\" data-widget_type=\"text-editor.default\">\n\t\t\t\t<div class=\"elementor-widget-container\">\n\t\t\t\t\t\t\t\t<div class=\"elementor-text-editor elementor-clearfix\">\n\t\t\t\t<p><strong>Misyonumuz<\/strong><\/p><p><span class=\"example2 example1\">\u0130nsanlar\u0131m\u0131z\u0131n karma\u015f\u0131k \u015fehrin g\u00fcr\u00fclt\u00fcs\u00fc ve karma\u015fas\u0131ndan uzakta, stres ve yo\u011fun temposundan s\u0131yr\u0131larak sevdikleri ve aileleriyle beraber, e\u011flenceden, adrenaline, en \u00f6zel anlar\u0131ndan en mutlu g\u00fcnlerine, kadar bir \u00e7ok g\u00fczel anlar ve an\u0131lar biriktirmeye, huzurlu ve bir o kadar s\u0131cak ve samimi bir\u00a0 ortam ve sa\u011flayabilmek ve insan ve do\u011fay\u0131 birbiriyle bulu\u015fturabilmektir.<\/span><\/p>\t\t\t\t\t<\/div>\n\t\t\t\t\t\t<\/div>\n\t\t\t\t<\/div>\n\t\t\t\t\t\t<\/div>\n\t\t\t\t\t<\/div>\n\t\t<\/div>\n\t\t\t\t<div class=\"aux-parallax-section elementor-column elementor-col-50 elementor-inner-column elementor-element elementor-element-bd26f58\" data-id=\"bd26f58\" data-element_type=\"column\">\n\t\t\t<div class=\"elementor-column-wrap elementor-element-populated\">\n\t\t\t\t\t\t\t<div class=\"elementor-widget-wrap\">\n\t\t\t\t\t\t<div class=\"elementor-element elementor-element-369fcba elementor-widget elementor-widget-text-editor\" data-id=\"369fcba\" data-element_type=\"widget\" data-widget_type=\"text-editor.default\">\n\t\t\t\t<div class=\"elementor-widget-container\">\n\t\t\t\t\t\t\t\t<div class=\"elementor-text-editor elementor-clearfix\">\n\t\t\t\t<p><strong>Vizyonumuz<\/strong><\/p><p>Kent ve \u015eehir karma\u015fas\u0131ndan insanlar\u0131m\u0131z\u0131 bol oksijen ve temiz hava ile bulu\u015fturabilmek,<\/p><p>\u0130nsanlar\u0131n hayvanlarla dostluk kurmas\u0131 ve do\u011fayla b\u00fct\u00fcnle\u015fmesini sa\u011flamak,\u00a0<\/p><p>Hayvan Dostlar\u0131m\u0131z\u0131n ya\u015fam kalitesini art\u0131rmak ve do\u011fal aktivitelerini \u00e7e\u015fitlendirmek,<\/p><p>\u00dclkemize ve Bulundu\u011fumuz b\u00f6lgenin tan\u0131na bilirli\u011fini\u00a0 ve pop\u00fclaritesini art\u0131rabilmek ve bu sayede istihtam art\u0131\u015f\u0131n\u0131 desteklemek<\/p><p>Hem \u00dclkemiz Ekonomisine hem de B\u00f6lge Ekonomisine katk\u0131 sa\u011flamak<\/p><p>Sosyal alanlar olarak insanlar\u0131m\u0131z\u0131n daha \u00e7ok sosyalle\u015fmesini ve do\u011fayla bulu\u015fmas\u0131n\u0131 sa\u011flamak<\/p>\t\t\t\t\t<\/div>\n\t\t\t\t\t\t<\/div>\n\t\t\t\t<\/div>\n\t\t\t\t\t\t<\/div>\n\t\t\t\t\t<\/div>\n\t\t<\/div>\n\t\t\t\t\t\t\t\t<\/div>\n\t\t\t\t\t<\/div>\n\t\t<\/section>\n\t\t\t\t\t\t<\/div>\n\t\t\t\t\t<\/div>\n\t\t<\/div>\n\t\t\t\t\t\t\t\t<\/div>\n\t\t\t\t\t<\/div>\n\t\t<\/section>\n\t\t\t\t\t\t\t\t\t<\/div>\n\t\t\t<\/div>\n\t\t\t\t\t<\/div>\n\t\t","protected":false},"excerpt":{"rendered":"<p>Hakk\u0131m\u0131zda Flamingo Park | Do\u011fa, lezzet ve e\u011flence&#8230; Flamingo Park 20.000 m\u00b2 arazi \u00fczerine kurulu bir tesis olarak Sakarya Pamukova&#8217;da hizmet vermektedir. Tesisimizde 30 t\u00fcrden fazla hayvan\u0131n bar\u0131nd\u0131\u011f\u0131 hayvanat bah\u00e7esi, at binicili\u011fi, restaurant (Kahvalt\u0131, d\u00fcnya mutfa\u011f\u0131, Izgara \u00e7e\u015fitleri, vitamin bar, \u015fark k\u00f6\u015fesi, 28 adet Bungalov y\u00f6resel \u00fcr\u00fcn d\u00fckkanlar\u0131, sera bah\u00e7esi, \u00e7ocuk oyun parklar\u0131, hal\u0131 saha, [&hellip;]<\/p>\n","protected":false},"author":1,"featured_media":0,"parent":0,"menu_order":0,"comment_status":"closed","ping_status":"closed","template":"elementor_header_footer","meta":{"_joinchat":[],"footnotes":""},"class_list":["post-237","page","type-page","status-publish","hentry"],"yoast_head":"<!-- This site is optimized with the Yoast SEO plugin v20.3 - https:\/\/yoast.com\/wordpress\/plugins\/seo\/ -->\n<title>Hakk\u0131m\u0131zda - Flamingo Park | Bungalov,Hayvanat bahcesi ve Aquapark<\/title>\n<meta name=\"robots\" content=\"index, follow, max-snippet:-1, max-image-preview:large, max-video-preview:-1\" \/>\n<link rel=\"canonical\" href=\"https:\/\/flamingopark.com.tr\/index.php\/hakkimizda\/\" \/>\n<meta property=\"og:locale\" content=\"tr_TR\" \/>\n<meta property=\"og:type\" content=\"article\" \/>\n<meta property=\"og:title\" content=\"Hakk\u0131m\u0131zda - Flamingo Park | Bungalov,Hayvanat bahcesi ve Aquapark\" \/>\n<meta property=\"og:description\" content=\"Hakk\u0131m\u0131zda Flamingo Park | Do\u011fa, lezzet ve e\u011flence&#8230; Flamingo Park 20.000 m\u00b2 arazi \u00fczerine kurulu bir tesis olarak Sakarya Pamukova&#8217;da hizmet vermektedir. Tesisimizde 30 t\u00fcrden fazla hayvan\u0131n bar\u0131nd\u0131\u011f\u0131 hayvanat bah\u00e7esi, at binicili\u011fi, restaurant (Kahvalt\u0131, d\u00fcnya mutfa\u011f\u0131, Izgara \u00e7e\u015fitleri, vitamin bar, \u015fark k\u00f6\u015fesi, 28 adet Bungalov y\u00f6resel \u00fcr\u00fcn d\u00fckkanlar\u0131, sera bah\u00e7esi, \u00e7ocuk oyun parklar\u0131, hal\u0131 saha, [&hellip;]\" \/>\n<meta property=\"og:url\" content=\"https:\/\/flamingopark.com.tr\/index.php\/hakkimizda\/\" \/>\n<meta property=\"og:site_name\" content=\"Flamingo Park | Bungalov,Hayvanat bahcesi ve Aquapark\" \/>\n<meta property=\"article:modified_time\" content=\"2023-03-23T06:23:53+00:00\" \/>\n<meta property=\"og:image\" content=\"https:\/\/flamingopark.com.tr\/wp-content\/uploads\/2023\/03\/galeri-1.jpg\" \/>\n<meta name=\"twitter:card\" content=\"summary_large_image\" \/>\n<meta name=\"twitter:label1\" content=\"Tahmini okuma s\u00fcresi\" \/>\n\t<meta name=\"twitter:data1\" content=\"1 dakika\" \/>\n<script type=\"application\/ld+json\" class=\"yoast-schema-graph\">{\"@context\":\"https:\/\/schema.org\",\"@graph\":[{\"@type\":\"WebPage\",\"@id\":\"https:\/\/flamingopark.com.tr\/index.php\/hakkimizda\/\",\"url\":\"https:\/\/flamingopark.com.tr\/index.php\/hakkimizda\/\",\"name\":\"Hakk\u0131m\u0131zda - Flamingo Park | Bungalov,Hayvanat bahcesi ve Aquapark\",\"isPartOf\":{\"@id\":\"https:\/\/flamingopark.com.tr\/#website\"},\"datePublished\":\"2020-07-06T09:20:52+00:00\",\"dateModified\":\"2023-03-23T06:23:53+00:00\",\"breadcrumb\":{\"@id\":\"https:\/\/flamingopark.com.tr\/index.php\/hakkimizda\/#breadcrumb\"},\"inLanguage\":\"tr\",\"potentialAction\":[{\"@type\":\"ReadAction\",\"target\":[\"https:\/\/flamingopark.com.tr\/index.php\/hakkimizda\/\"]}]},{\"@type\":\"BreadcrumbList\",\"@id\":\"https:\/\/flamingopark.com.tr\/index.php\/hakkimizda\/#breadcrumb\",\"itemListElement\":[{\"@type\":\"ListItem\",\"position\":1,\"name\":\"Anasayfa\",\"item\":\"https:\/\/flamingopark.com.tr\/\"},{\"@type\":\"ListItem\",\"position\":2,\"name\":\"Hakk\u0131m\u0131zda\"}]},{\"@type\":\"WebSite\",\"@id\":\"https:\/\/flamingopark.com.tr\/#website\",\"url\":\"https:\/\/flamingopark.com.tr\/\",\"name\":\"Flamingo Park | Bungalov,Hayvanat bahcesi ve Aquapark\",\"description\":\"Bungalov,Hayvanat bahcesi ve Aquapark\",\"publisher\":{\"@id\":\"https:\/\/flamingopark.com.tr\/#organization\"},\"potentialAction\":[{\"@type\":\"SearchAction\",\"target\":{\"@type\":\"EntryPoint\",\"urlTemplate\":\"https:\/\/flamingopark.com.tr\/?s={search_term_string}\"},\"query-input\":\"required name=search_term_string\"}],\"inLanguage\":\"tr\"},{\"@type\":\"Organization\",\"@id\":\"https:\/\/flamingopark.com.tr\/#organization\",\"name\":\"FLAM\u0130NGO PARK\",\"alternateName\":\"FLAM\u0130NGO PARK\",\"url\":\"https:\/\/flamingopark.com.tr\/\",\"logo\":{\"@type\":\"ImageObject\",\"inLanguage\":\"tr\",\"@id\":\"https:\/\/flamingopark.com.tr\/#\/schema\/logo\/image\/\",\"url\":\"https:\/\/flamingopark.com.tr\/wp-content\/uploads\/2022\/11\/cropped-cropped-logo3-MBBXG5T-1.png\",\"contentUrl\":\"https:\/\/flamingopark.com.tr\/wp-content\/uploads\/2022\/11\/cropped-cropped-logo3-MBBXG5T-1.png\",\"width\":374,\"height\":267,\"caption\":\"FLAM\u0130NGO PARK\"},\"image\":{\"@id\":\"https:\/\/flamingopark.com.tr\/#\/schema\/logo\/image\/\"}}]}<\/script>\n<!-- \/ Yoast SEO plugin. -->","yoast_head_json":{"title":"Hakk\u0131m\u0131zda - Flamingo Park | Bungalov,Hayvanat bahcesi ve Aquapark","robots":{"index":"index","follow":"follow","max-snippet":"max-snippet:-1","max-image-preview":"max-image-preview:large","max-video-preview":"max-video-preview:-1"},"canonical":"https:\/\/flamingopark.com.tr\/index.php\/hakkimizda\/","og_locale":"tr_TR","og_type":"article","og_title":"Hakk\u0131m\u0131zda - Flamingo Park | Bungalov,Hayvanat bahcesi ve Aquapark","og_description":"Hakk\u0131m\u0131zda Flamingo Park | Do\u011fa, lezzet ve e\u011flence&#8230; Flamingo Park 20.000 m\u00b2 arazi \u00fczerine kurulu bir tesis olarak Sakarya Pamukova&#8217;da hizmet vermektedir. Tesisimizde 30 t\u00fcrden fazla hayvan\u0131n bar\u0131nd\u0131\u011f\u0131 hayvanat bah\u00e7esi, at binicili\u011fi, restaurant (Kahvalt\u0131, d\u00fcnya mutfa\u011f\u0131, Izgara \u00e7e\u015fitleri, vitamin bar, \u015fark k\u00f6\u015fesi, 28 adet Bungalov y\u00f6resel \u00fcr\u00fcn d\u00fckkanlar\u0131, sera bah\u00e7esi, \u00e7ocuk oyun parklar\u0131, hal\u0131 saha, [&hellip;]","og_url":"https:\/\/flamingopark.com.tr\/index.php\/hakkimizda\/","og_site_name":"Flamingo Park | Bungalov,Hayvanat bahcesi ve Aquapark","article_modified_time":"2023-03-23T06:23:53+00:00","og_image":[{"url":"https:\/\/flamingopark.com.tr\/wp-content\/uploads\/2023\/03\/galeri-1.jpg"}],"twitter_card":"summary_large_image","twitter_misc":{"Tahmini okuma s\u00fcresi":"1 dakika"},"schema":{"@context":"https:\/\/schema.org","@graph":[{"@type":"WebPage","@id":"https:\/\/flamingopark.com.tr\/index.php\/hakkimizda\/","url":"https:\/\/flamingopark.com.tr\/index.php\/hakkimizda\/","name":"Hakk\u0131m\u0131zda - Flamingo Park | Bungalov,Hayvanat bahcesi ve Aquapark","isPartOf":{"@id":"https:\/\/flamingopark.com.tr\/#website"},"datePublished":"2020-07-06T09:20:52+00:00","dateModified":"2023-03-23T06:23:53+00:00","breadcrumb":{"@id":"https:\/\/flamingopark.com.tr\/index.php\/hakkimizda\/#breadcrumb"},"inLanguage":"tr","potentialAction":[{"@type":"ReadAction","target":["https:\/\/flamingopark.com.tr\/index.php\/hakkimizda\/"]}]},{"@type":"BreadcrumbList","@id":"https:\/\/flamingopark.com.tr\/index.php\/hakkimizda\/#breadcrumb","itemListElement":[{"@type":"ListItem","position":1,"name":"Anasayfa","item":"https:\/\/flamingopark.com.tr\/"},{"@type":"ListItem","position":2,"name":"Hakk\u0131m\u0131zda"}]},{"@type":"WebSite","@id":"https:\/\/flamingopark.com.tr\/#website","url":"https:\/\/flamingopark.com.tr\/","name":"Flamingo Park | Bungalov,Hayvanat bahcesi ve Aquapark","description":"Bungalov,Hayvanat bahcesi ve Aquapark","publisher":{"@id":"https:\/\/flamingopark.com.tr\/#organization"},"potentialAction":[{"@type":"SearchAction","target":{"@type":"EntryPoint","urlTemplate":"https:\/\/flamingopark.com.tr\/?s={search_term_string}"},"query-input":"required name=search_term_string"}],"inLanguage":"tr"},{"@type":"Organization","@id":"https:\/\/flamingopark.com.tr\/#organization","name":"FLAM\u0130NGO PARK","alternateName":"FLAM\u0130NGO PARK","url":"https:\/\/flamingopark.com.tr\/","logo":{"@type":"ImageObject","inLanguage":"tr","@id":"https:\/\/flamingopark.com.tr\/#\/schema\/logo\/image\/","url":"https:\/\/flamingopark.com.tr\/wp-content\/uploads\/2022\/11\/cropped-cropped-logo3-MBBXG5T-1.png","contentUrl":"https:\/\/flamingopark.com.tr\/wp-content\/uploads\/2022\/11\/cropped-cropped-logo3-MBBXG5T-1.png","width":374,"height":267,"caption":"FLAM\u0130NGO PARK"},"image":{"@id":"https:\/\/flamingopark.com.tr\/#\/schema\/logo\/image\/"}}]}},"_links":{"self":[{"href":"https:\/\/flamingopark.com.tr\/index.php\/wp-json\/wp\/v2\/pages\/237","targetHints":{"allow":["GET"]}}],"collection":[{"href":"https:\/\/flamingopark.com.tr\/index.php\/wp-json\/wp\/v2\/pages"}],"about":[{"href":"https:\/\/flamingopark.com.tr\/index.php\/wp-json\/wp\/v2\/types\/page"}],"author":[{"embeddable":true,"href":"https:\/\/flamingopark.com.tr\/index.php\/wp-json\/wp\/v2\/users\/1"}],"replies":[{"embeddable":true,"href":"https:\/\/flamingopark.com.tr\/index.php\/wp-json\/wp\/v2\/comments?post=237"}],"version-history":[{"count":19,"href":"https:\/\/flamingopark.com.tr\/index.php\/wp-json\/wp\/v2\/pages\/237\/revisions"}],"predecessor-version":[{"id":777,"href":"https:\/\/flamingopark.com.tr\/index.php\/wp-json\/wp\/v2\/pages\/237\/revisions\/777"}],"wp:attachment":[{"href":"https:\/\/flamingopark.com.tr\/index.php\/wp-json\/wp\/v2\/media?parent=237"}],"curies":[{"name":"wp","href":"https:\/\/api.w.org\/{rel}","templated":true}]}}